nd 93?
93
Calculate the greatest common factor of 101 and 340774.
101
What is the greatest common divisor of 77495 and 110?
55
Calculate the highest common divisor of 1084 and 139294.
542
What is the greatest common divisor of 36 and 1530396?
36
Calculate the highest common divisor of 1738 and 4730.
22
What is the highest common factor of 3360 and 220?
20
What is the greatest common factor of 2600 and 25200?
200
What is the highest common factor of 515 and 1482891?
103
What is the greatest common divisor of 397 and 1507409?
397
What is the highest common divisor of 7639 and 141?
1
What is the greatest common divisor of 144 and 186672?
48
Calculate the greatest common divisor of 1824 and 4632.
24
Calculate the greatest common divisor of 251 and 2119193.
251
Calculate the highest common divisor of 370 and 2738.
74
Calculate the greatest common factor of 6258601 and 17.
17
What is the greatest common factor of 846 and 7431?
3
What is the highest common factor of 42329 and 35?
7
What is the highest common divisor of 286 and 74?
2
Calculate the greatest common factor of 66 and 2111054.
22
Calculate the greatest common factor of 344 and 13588.
172
Calculate the highest common divisor of 8952 and 2805333.
1119
What is the highest common divisor of 259 and 3256?
37
What is the highest common divisor of 161 and 117139?
23
What is the greatest common divisor of 108 and 264762?
54
What is the greatest common factor of 208 and 229268?
52
What is the highest common divisor of 60683 and 476?
7
What is the highest common divisor of 524 and 331299?
131
What is the highest common divisor of 160 and 46180?
20
What is the highest common divisor of 220 and 7205?
55
What is the highest common factor of 196061 and 19?
19
Calculate the greatest common divisor of 48 and 15248.
16
What is the greatest common factor of 275332 and 68?
68
What is the highest common factor of 144 and 6416?
16
What is the highest common divisor of 595 and 2240?
35
Calculate the highest common divisor of 26 and 15626.
26
Calculate the highest common divisor of 12692 and 9956.
76
Calculate the highest common divisor of 161221 and 3.
1
What is the greatest common factor of 2322 and 54438?
258
What is the highest common divisor of 1016 and 102870?
254
What is the greatest common divisor of 982 and 411949?
491
Calculate the greatest common divisor of 152117 and 434.
217
What is the highest common factor of 4 and 435792?
4
What is the highest common factor of 10051 and 32269?
529
What is the greatest common divisor of 66000 and 34800?
1200
Calculate the highest common divisor of 336 and 2926.
14
Calculate the highest common factor of 243951 and 40833.
1047
What is the greatest common factor of 1356606 and 18?
18
Calculate the greatest common factor of 55442 and 38.
38
What is the greatest common divisor of 1186059 and 21?
21
Calculate the greatest common factor of 175 and 259.
7
What is the greatest common divisor of 295 and 297655?
295
Calculate the greatest common factor of 1524661 and 26782.
1913
Calculate the greatest common factor of 42827 and 1356.
113
What is the highest common factor of 1441 and 1639?
11
Calculate the highest common factor of 410914 and 27554.
1198
Calculate the highest common factor of 60 and 146180.
20
Calculate the highest common divisor of 1209182 and 13.
13
What is the greatest common factor of 1115 and 968043?
223
Calculate the greatest common divisor of 371 and 35987.
371
Calculate the highest common factor of 17666 and 77.
11
What is the highest common divisor of 1946 and 168329?
973
Calculate the greatest common factor of 888 and 34336.
296
Calculate the greatest common factor of 1750 and 25844.
14
Calculate the greatest common factor of 3553 and 287232.
187
Calculate the highest common divisor of 72 and 49023.
9
Calculate the greatest common factor of 1340 and 185.
5
What is the highest common factor of 112788 and 64?
4
Calculate the greatest common divisor of 993 and 41375.
331
What is the highest common factor of 2016 and 9051?
21
Calculate the greatest common divisor of 68698 and 1946.
14
What is the greatest common factor of 888 and 48248?
296
Calculate the highest common divisor of 165620 and 16660.
980
What is the highest common factor of 78816 and 176?
16
What is the highest common divisor of 420 and 456540?
420
Calculate the highest common factor of 61 and 41297.
61
What is the greatest common factor of 567 and 576?
9
Calculate the highest common factor of 15943 and 214.
107
Calculate the greatest common factor of 148799 and 1015.
203
What is the highest common factor of 14650 and 4?
2
What is the highest common divisor of 10830 and 5890?
190
What is the greatest common factor of 1710 and 343140?
570
Calculate the greatest common factor of 5 and 29140.
5
Calculate the highest common divisor of 130 and 10266815.
65
What is the greatest common divisor of 6399 and 1896?
237
Calculate the greatest common factor of 23226 and 12.
6
Calculate the greatest common factor of 2450 and 11525.
25
Calculate the greatest common factor of 22909 and 62.
31
What is the greatest common divisor of 19570 and 4944?
206
What is the greatest common factor of 191 and 674612?
191
Calculate the highest common divisor of 67467 and 5.
1
Calculate the greatest common factor of 3416 and 11468.
244
Calculate the highest common divisor of 9827 and 13631.
317
Calculate the greatest common factor of 131 and 76.
1
Calculate the greatest common divisor of 381 and 20828.
127
Calculate the highest common divisor of 112 and 18416.
16
Calculate the greatest common factor of 10976 and 5880.
392
Calculate the highest common factor of 23 and 1605055.
23
What is the greatest common factor of 1332 and 708?
12
What is the highest common factor of 3010 and 9436?
14
What is the highest common divisor of 2259 and 1233?
9
Calculate the greatest common divisor of 85062 and 8.
2
What is the greatest common factor of 3570 and 92400?
210
Calculate the greatest common factor of 26849 and 6.
1
What is the highest common factor of 17947 and 959?
137
What is the highest common divisor of 36448 and 4824?
536
What is the greatest common factor of 9214 and 3519?
17
What is the highest common factor of 3871 and 24843?
49
What is the greatest common divisor of 42 and 759808?
14
Calculate the highest common factor of 15 and 239997.
3
What is the highest common factor of 2304 and 16200?
72
Calculate the greatest common factor of 52251 and 9.
3
Calculate the greatest common divisor of 2060651 and 6809.
619
What is the highest common factor of 722 and 11457?
19
What is the highest common divisor of 71546 and 581?
83
What is the greatest common factor of 710 and 160?
10
Calculate the greatest common factor of 2465 and 116.
29
Calculate the highest common divisor of 97782 and 59340.
258
What is the highest common factor of 994 and 39547?
71
What is the greatest common factor of 5196321 and 897?
897
What is the highest common factor of 89369 and 476?
119
What is the greatest common divisor of 180904 and 8?
8
What is the highest common factor of 36 and 59814?
18
What is the highest common factor of 180 and 3288?
12
What is the highest common factor of 1510 and 2065680?
1510
What is the greatest common divisor of 851 and 148787?
23
Calculate the highest common divisor of 9140 and 60.
20
What is the highest common divisor of 2268161 and 12054?
2009
Calculate the greatest common divisor of 20664 and 13692.
84
Calculate the highest common factor of 22515 and 4560.
285
What is the highest common divisor of 51 and 21758181?
51
Calculate the highest common factor of 29010 and 570.
30
Calculate the highest common factor of 71025 and 1545.
15
Calculate the greatest common factor of 152 and 60496.
152
Calculate the highest common factor of 4131 and 4267.
17
Calculate the highest common factor of 3441 and 9102.
111
What is the greatest common divisor of 864 and 163728?
432
What is the highest common factor of 3287020 and 220?
220
What is the greatest common divisor of 627 and 640167?
627
What is the greatest common factor of 32 and 8368?
16
What is the greatest common factor of 1096 and 4521?
137
What is the highest common divisor of 2037 and 2121?
21
What is the greatest common factor of 69046 and 474?
158
What is the highest co